ulate (13 - 15) + 1 + 0.
-1
Evaluate -1 + 3 + 1 + -4 - 1.
-2
What is (-13 - -12) + (1 - (-1 + -5))?
6
(-3 - 3) + (15 - (7 + 4))
-2
What is the value of (8 - 4) + -4 + 4?
4
What is 1 - 3 - (3 - (10 + -4))?
1
What is the value of 3 - (-12 + (-15 - -19))?
11
-108 - -102 - (2 + 2 + -12)
2
Evaluate (2 - -1) + (-4 - 0 - -2).
1
What is 19 + -7 + -5 + -14 - -1?
-6
What is (2 - 1) + 3 + -6 + 3?
1
Evaluate -1 + 4 + (5 - (8 - 2)).
2
Evaluate -4 - -3 - 0 - (64 + -70).
5
Calculate -2 + (2 - 1 - -3) + -7.
-5
What is the value of (-1 - (4 - 5) - 10) + 5?
-5
-15 - (-6 + -13 + 7)
-3
Evaluate (-1 - (5 - 4)) + -1.
-3
-3 + 0 - (3 + (-8 - -1))
1
Calculate 18 + 13 + -25 - (0 - -13).
-7
Evaluate -13 + 9 - ((0 - 8) + 2).
2
3 + -6 + -2 + 6 - -1
2
What is (7 + -2 - 6) + 12 - 4?
7
Calculate (-3 - (4 - 9)) + -2.
0
What is -1 + -4 + (-8 - -4 - -6)?
-3
5 - (17 + -22 + -1 + 6)
5
Evaluate 0 - (6 - (-6 - -13)).
1
(2 - (-3 - -8)) + 4 + 2
3
What is the value of (4 - -2) + -6 + 0 + -2?
-2
Evaluate -7 + -3 + 5 + 0.
-5
Evaluate (0 - (-11 + 12)) + 6.
5
Evaluate 3 + -6 + -9 - -6.
-6
Calculate 10 + -3 + (-7 - (-3 - 2)).
5
What is the value of (-6 + 4 - 4) + 4?
-2
What is the value of 5 + -4 - (7 + -4 - -1)?
-3
What is -1 + 4 - (2 + 0 + -4)?
5
Calculate 5 + 6 + (-4 - 5).
2
What is (5 - (4 + 4)) + 7?
4
What is the value of -7 + -1 + (6 - (4 + 0))?
-6
What is the value of -12 - 2 - -8 - -7 - 1?
0
Calculate 7 - (13 + 2 + -9 - 7).
8
What is the value of -4 - (22 + -10 + -13)?
-3
What is the value of 1 + (3 - -2) + -4?
2
What is (-2 - -8 - -4) + (1 - 5)?
6
What is (-24 - -12) + -6 + 10?
-8
Evaluate -2 + 2 + -5 + 7 + -4.
-2
2 + -3 - (-6 + (-14 - -20))
-1
What is the value of -3 + 2 - (-2 - (4 - 3))?
2
Evaluate -8 - (-9 - (9 - 14)).
-4
What is the value of 1 + -1 - (-1 + 0)?
1
What is 0 + -2 + 4 - (-16 - -15)?
3
(-5 - -8) + -6 + 8
5
Evaluate 1 - ((-3 - -1) + -1).
4
4 + (-10 - -6 - -5)
5
Calculate 8 - (-1 + -8 + 10).
7
Calculate -13 + 15 - (0 - -2) - -3.
3
What is the value of 1 - 1 - (9 - 14)?
5
What is the value of 3 - 1 - (7 + -9)?
4
What is the value of -3 - 0 - (46 + -51)?
2
What is the value of 8 - (1 + -6) - 6 - 6?
1
Calculate 7 + (1 - -8 - 32) + 9.
-7
What is -5 + (-4 - -5) - (3 + -1)?
-6
What is -2 + (-5 - 1 - -13) - -3?
8
Evaluate 4 - (-1 + -2 - -10).
-3
What is the value of 3 + 1 + -7 - (18 + -16)?
-5
What is 8 + (-7 - (-8 + 5))?
4
-2 + (11 - (1 + 5))
3
Evaluate -4 - (5 + -5) - (2 + -2).
-4
What is the value of (1 - (-5 - -3)) + 2 + -1?
4
What is 8 - (5 + (2 - 5) + 1)?
5
What is the value of 2 - (-5 + 1 + 2)?
4
Evaluate -1 + 0 + 30 + -31.
-2
What is (-12 - -8 - -3) + -2?
-3
Evaluate -5 + 1 + (5 - (14 - 7)).
-6
(-4 + -10 - (-6 + -1)) + 7
0
Evaluate (-5 - (-4 - 7)) + (-5 - -2).
3
What is 7 + (-1 - -7) + -9 + -5?
-1
Evaluate (2 - 7 - -6) + -6 + 0.
-5
What is 1 + -8 + (-57 - -69)?
5
What is the value of (0 - -7) + (-9 - -4 - -3)?
5
What is the value of -36 - -33 - (0 - (7 + 0))?
4
What is the value of -13 + 19 - (1 - -8)?
-3
What is the value of 1 + -1 + -4 + 1 + -3?
-6
What is the value of 2 + (2 + -1 - (6 - 4))?
1
Calculate 8 + -6 + 1 + 2 + -9.
-4
Calculate 6 + (-3 - (6 + -8)).
5
Evaluate 9 + -14 - (-9 - 3) - 6.
1
What is (7 + 2 - 5) + -1?
3
(4 - 5) + 4 - 1
2
Evaluate (-29 - -11) + 10 - -2.
-6
Calculate 4 - (-1 + 5 + -6 + 1).
5
What is 5 + ((-1 - 1) + 4 - 4)?
3
Evaluate (-4 - (-9 + 1)) + 2.
6
What is the value of -28 + 25 + 0 + 11 + -1?
7
Calculate -75 + 85 + (-4 - (0 - 0)).
6
Evaluate 3 - (10 - (-1 - -8 - 0)).
0
(-4 + -1 - (-2 + 2)) + 2
-3
What is the value of (13 - 15) + -2 - (0 - -3)?
-7
3 - (9 + 0) - -2 - -4
0
-2 - (-4 + 0) - 5
-3
Evaluate -17 - (12 + -25) - (-5 - 1).
2
What is the value of -7 + 10 - -6 - 3?
6
(-16 - -14) + -1 + 0
-3
What is the value of (-32 - -28) + (0 + -3 - -2)?
-5
Calculate -2 - (6 + 0) - (80 + -86).
-2
Calculate 0 + 4 + -38 + 39.
5
Evaluate 3 + (-1 - -3) + (-2 - 1).
2
(2 + -4 - 6) + 4
-4
Evaluate (0 - (2 - 0) - -3) + 0.
1
Evaluate -5 + -6 + 9 - (-5 + -5).
8
Evaluate -4 - -1 - (3 - (1 + 1)).
-4
Evaluate -8 - (0 - (4 - 1)).
-5
-10 - ((-8 - -7) + -1)
-8
What is the value of 6 + -5 - (-5 + (4 - -5))?
-3
Evaluate 1 + 10 + -90 + 85.
6
What is the value of 4 + -3 + -4 + 2 + -3?
-4
Evaluate -1 + -5 + 10 + 2 - 13.
-7
What is -6 + 10 + (2 + 4 - 8)?
2
Evaluate (15 - 9 - -1) + -1.
6
What is (-3 - 0) + (-77 - -87)?
7
-13 + (-2 - -7) + 4
-4
4 + (2 + 1 - 6)
1
What is the value of -1 + (3 - 7) + 12?
7
What is the value of -4 + -2 + -9 + 23?
8
What is the value of 12 + -8 + 3 - 2?
5
Evaluate -11 + 15 + (2 - 2) + 1.
5
12 + 7 + -14 - 0
5
(-1 - 1) + 4 + 1
3
What is the value of 19 + (-10 - -5) - 6?
8
What is the value of -3 - -3 - (4 + 0 - 0)?
-4
Calculate 1 + (9 - 9) + -3 + 0.
-2
Evaluate 4 + -8 + 2 + -4 + 0.
-6
What is the value of -9 + -4 + (14 - 7)?
-6
2 + (0 - (-1 - 3))
6
What is -6 + 5 - (6 - 7)?
0
What is -3 - (1 - 1) - -3?
0
1 - 0 - (0 - (-4 - 0))
-3
Calculate 17 + -16 + -1 + -1 - -2.
1
Evaluate 12 + (-16 - -5) + -7 + 3.
-3
(-4 - 3) + -2 + 8 + -4
-5
What is the value of 2 + -3 + 5 + 2 + -4?
2
Calculate 13 - (-2 - (-6 - (5 + -5))).
9
What is 6 + 9 + (-8 - -4)?
11
What is 5 - (5 + 2 + 3 + -9)?
4
-4 + (-6 - (2 - 10))
-2
What is the value of 0 + 6 + -3 + -8?
-5
Evaluate (2 - (-4 + 4 - -2)) + 1.
1
Evaluate 58 + -48 + (1 - (5 + 1)).
5
Calculate (9 + -16 - -5) + 8.
6
What is the value of 23 + -14 + (-1 - (4 - 3))?
7
Evaluate (2 - (2 + 6) - -4) + 9.
7
What is the value of 1 - 3 - (-5 + 1)?
2
What is -1 + 3 - (3 + 1)?
-2
Evaluate 4 - (6 - -1) - -2.
-1
What is 3 - 16 - (-13 - 2)?
2
Calculate -1 - (-5 + (-2 - (-3 - -5))).
8
What is 13 + -2 + 9 + -16?
4
Evaluate (-1 - 3) + -10 - -6.
-8
What is (0 - -4 - 1) + -2?
1
What is the value of (31 - 32) + -5 + 1?
-5
Calculate -2 + -2 - (1 + 0).
-5
Evaluate (2 + 7 + -13 - 3) + 6.
-1
What is (10 + -23 - -16) + (-3 - -2)?
2
Calculate (8 - -3 - (4 - -3)) + -4.
0
Calculate (-3 - (0 - 0)) + (26 - 27).
-4
Calculate 0 + (8 - 8 - 2).
-2
Calculate (0 - 0) + (21 - 18 - 5).
-2
Calculate -1 + -4 - (-3 - 0 - 1).
-1
What is the value of 5 - (5 - 6 - 0 - -2)?
4
What is -13 + (12 - 8) + 7?
-2
Evaluate -3 - (6 + 2 + -5 + -7).
1
(-5 - -1) + 5 + 2 + -8
-5
What is 4 + -2 - (1 + 1)?
0
Evaluate -1 - 6 - (1 - 5).
-3
Evaluate -2 - (-11 + (4 - -2)) - 10.
-7
What is the value of (3 - 6) + -3 + 0?
-6
What is (14 - -8) + -15 + -1 + 3?
9
Evaluate 2 - 8 - -9 - (-1 + 1).
3
(-3 - -5) + 3 + -2 - 6
-3
What is the value of 2 + 8 + 1 - 9?
2
Calculate 3 + -3 - 1 - (0 - -1).
-2
Evaluate 5 - (2 - (2 - 2)).
3
Evaluate 4 - (2 + 1) - (1 + 0).
0
What is the value of (1 - -8) + -12 - -9?
6
(-1 - -8) + 7 + -7 - 8
-1
What is the value of 2 - (-4 + 0 - -4)?
2
Calculate -6 + -1 + 1 + (-87 - -96).
3
Calculate -2 + 3 - -2 - 1.
2
Calculate -7 - (-4 - (0 + (5 - 3))).
-1
-2 + 9 + -5 + (6 - 11)
-3
Calculate 4 - (-2 - (-8 - -3) - -5).
-4
What is -2 - ((-9 - -5) + -1)?
3
What is -1 + (1 + 5 - 11 - -7)?
1
What is (-1 - -4) + (-2 - 4)?
-3
What is the value of 6 + (-2 - (-1 + -3) - 4)?
4
-2 - -7 - (2 - 1)
4
Evaluate -7 + (2 - 4) - -12.
3
Calculate 5 - 14 - (-9 + 2).
-2
What is the value of -1 - (-8 - -4) - -2?
5
What is the value of 0 + (0 - 5 - (-1 - 2))?
-2
Evaluate 1 + -2 - -2 - -2.
3
Calculate 15 + -6 + 2 + -5.
6
What is the value of -1 - (3 + 0) - (-6 - 0)?
2
Calculate 6 + -11 + (5 - 2 - -3).
1
Evaluate -1 + (0 - (11 - 7)) - -13.
8
Calculate 9 + -9 - (-10 - -4).
6
Evaluate -4 + 8 + -3 - 1.
0
What is (-1 - -3) + 0 + (-1 - -1)?
2
Calculate 3 - ((0 - 0) + 5).
-2
What is the value of -4 + 1 + 5 + 0 - 4?
-2
What is (20 - 8) + -14 + -5?
-7
What is the value of 2 + -1 + 12 + -12 + -6?
-5
Calculate 4 + -8 + (9 - 13).
-8
Calculate 1 + 4 - (-3 - -3).
5
Calculate -31 + 29 - ((-1 - 7) + 1).
5
Evaluate -7 + 0 + 4 - 1 - -9.
5
What is 7 + -2 + -6 + 4?
3
3 - (8 - 6 - (-2 + 3))
2
What is 8 - (-3 + 3 - (-3 + 3))?
8
What is the value of -1 - ((-16 - -19) + (1 - 4))?
-1
Calculate 2 + -2 + 3 + 1.
4
-2 + -2 + (6 - 4)
-2
What is (-4 - (-16 - -8)) + -3?
1
What is 4 + 1 + (-4 - (-5 - -2))?
4
What is the value of -27 + 27 - (-2 + 1 + 2)?
-1
(3 - 4) + -5 + 7 + 7
8
What is the value of 0 - (-6 - -5) - 3?
-2
-4 + (2 - -5) + 1
4
Evaluate (6 - (4 + 3)) + -3.
-4
Calculate (8 - 8) + 1 + 4.
5
What is the value of 5 - (18 - (9 - 2))?
-6
Evaluate 0 + -6 - (7 + (-15 - -9)).
-7
6 + -7 + (11 - 5)
5
3 + -4 + -2 + 18 + -17
-2
Wh